. Suppose 6*x - x - 675 = 0. Calculate the highest common factor of k and x.
15
Suppose 2*i + 11 = o + 5*i, 5*o - 71 = i. Let z = -18 + 29. Suppose -3*g + 32 = z. What is the greatest common divisor of o and g?
7
Suppose -3*i = -390 - 186. What is the greatest common divisor of i and 24?
24
Suppose -4*t = -12 - 4. Let w(h) = h**3 - 5*h**2 - 6*h + 2. Let k be w(6). Calculate the highest common divisor of k and t.
2
Let f(g) = -7*g**3 - 2*g**2 + 7*g + 5. Let o be f(-5). Suppose -o = -4*i - 3. Calculate the greatest common factor of 22 and i.
22
Let k be (6 + 18)*(5 - -2) + 0. What is the highest common factor of 21 and k?
21
Suppose -2*r = r - 12. Let f = 66 + -30. What is the greatest common factor of r and f?
4
Let q be (3 - 3)/(-1 + 0). Suppose 2*x - 190 = -4*t, q*x + 1 = -x. Let l = t + -30. What is the greatest common divisor of l and 162?
18
Let z(f) = f**2 - f - 6. Let v be z(7). Calculate the highest common divisor of v and 12.
12
Let s = -5 + 10. Suppose -g - 4*g + 58 = 3*x, 0 = 2*g - s*x - 17. What is the highest common factor of g and 77?
11
Let w be (18/4)/((-4)/(-8)). Let z = w - 19. Let g be (-12)/z*(-5)/(-2). What is the highest common divisor of g and 9?
3
Suppose 0 = -0*y - 2*y + 130. Suppose -1 = 2*h - 7. Suppose -26 = -h*j + 2*j. What is the highest common factor of y and j?
13
Let o be ((-16)/(-3))/(3/27). Let h be -2 + (1*36)/2. Suppose -3*a = -2*a - h. What is the greatest common factor of a and o?
16
Let j be (9 + -1)/((-2)/(-3)). Let x be ((-56)/j)/(1/(-6)). What is the greatest common divisor of x and 14?
14
Suppose 5*j - 3*u - 81 = 24, 3*j - 39 = -3*u. Let w be 54/(-4)*(-1 + -3). Calculate the greatest common factor of j and w.
18
Suppose -2*t - 3*t - 5*v + 560 = 0, -5*t + 548 = 2*v. Let q be (0 + 24)*2/4. Calculate the greatest common divisor of t and q.
12
Let p be (-44)/(-7) - 12/42. Let j be 61/7 - (-4)/14. What is the highest common divisor of j and p?
3
Let u(g) = g**3 + g. Let x be u(3). Let t = -3 - -4. Suppose -3*j + 8 = -t. What is the highest common divisor of j and x?
3
Suppose -6 = t + 3. Let m be -3*501/t + -2. What is the highest common factor of m and 15?
15
Let f = -202 + 292. Let v(y) = -y**3 - 10*y**2 - 25*y + 4. Let s be v(-6). What is the greatest common divisor of f and s?
10
Suppose -2*a = a. Let i be -1*(-1 - 0) + a. Calculate the greatest common factor of i and 3.
1
Let r(i) be the first derivative of i**2/2 + 3. Let t be r(5). Let f(a) = 2*a - 5. Let k be f(t). What is the highest common factor of k and 5?
5
Let s = -45 - -49. Calculate the greatest common divisor of s and 36.
4
Let j be -6*(-3)/(-12)*-22. Suppose 2*d + 3*o = -0*d + 29, -3*d + 4*o + 86 = 0. What is the greatest common divisor of j and d?
11
Let c = 164 - 92. Calculate the highest common divisor of c and 48.
24
Let g be 240/2 - (3 + -4). Suppose 4 = -i + g. Let n = -14 - -27. Calculate the greatest common factor of i and n.
13
Let g be -3*4*(60/18 - 4). What is the greatest common factor of g and 72?
8
Suppose 0 = -f + 5*p + 7 + 2, -2*f + 45 = -p. Calculate the greatest common divisor of f and 8.
8
Let g = -11 - -8. Let z be 1 + 14 + g*1. What is the highest common factor of z and 8?
4
Let g(o) = o**2 - 5*o - 3. Let h be g(6). Let l be (28/h)/((-4)/(-24)). Calculate the highest common factor of l and 7.
7
Let k(v) = -3*v**2 - 8*v - 1. Let y be k(-2). Calculate the greatest common divisor of y and 21.
3
Suppose 4*v - 4*h = 36, 2*v - 4*h = v + 18. Calculate the greatest common divisor of v and 4.
2
Let j(g) = -5*g - 1. Let z be j(-2). What is the highest common factor of 63 and z?
9
Let g(j) = j**2 + j + 153. Let b be g(0). Suppose -m = s, 2 = -5*m + m - 5*s. Let a be (-4)/2*(-17)/m. What is the greatest common factor of b and a?
17
Let x = 352 + -190. Calculate the greatest common divisor of x and 18.
18
Let i be 10/35 + (-150)/(-14). Let v(l) = l**2 - 6*l + 3. Let b be v(6). Let m be 4/(-12) + 364/b. Calculate the greatest common factor of m and i.
11
Let j be ((-9)/(-12))/(1/20). Let i(h) = h**2 - 2*h - 4. Let z be i(5). Let w = j - z. Calculate the greatest common factor of 44 and w.
4
Suppose -4*r - g = -41, 3*r - 5*g + 7 = r. Suppose -3*x + 5 = 2*x. Let y be 1 + x/(1/80). What is the greatest common factor of r and y?
9
Let i be (-66)/(-14) + (-2)/(-7). Let l = 7 + i. Let m = 106 - 88. What is the highest common divisor of m and l?
6
Suppose 3*k = -3*f - 2 + 20, -2*k + 30 = -4*f. Let z = k + -4. Let y be -6*1/((-2)/5). What is the greatest common divisor of y and z?
5
Let i = -34 - -62. Calculate the highest common divisor of 70 and i.
14
Let x(i) = -i**3 - 12*i**2 - 3*i + 1. Let a be x(-12). Calculate the highest common divisor of a and 333.
37
Let l be 22/(2 + (-6)/4). Let j = 11 - 9. Suppose 0*r - 3*r + j*k = -20, 0 = -r + 2*k + 12. What is the greatest common divisor of r and l?
4
Let r be (18 - 0)/((-3)/(-6)). Suppose 6*u = 2*u + 12. Suppose -40 = -4*m - 2*s, -6*m + m + u*s = -39. What is the greatest common factor of m and r?
9
Suppose 4*t + 4 = 0, 2*t = -3*u - 2*t + 221. Calculate the greatest common divisor of 15 and u.
15
Let z(n) be the third derivative of 23*n**5/60 + n**4/12 + 4*n**2. Let k be z(2). What is the greatest common factor of k and 32?
32
Let f(y) = 7*y**2 - y + 3. Let o be f(1). Calculate the greatest common factor of 72 and o.
9
Let r = 22 + 3. Calculate the greatest common divisor of 10 and r.
5
Let q = -5 - -7. Suppose h + 5 = -4*h, -4*v + 14 = -q*h. What is the greatest common divisor of 3 and v?
3
Suppose 2*f + 0*f = 18. Let c be (105/(-14))/((-1)/6). What is the highest common divisor of f and c?
9
Let t(g) = g**2 + 12*g - 2. Let r be t(-14). What is the highest common divisor of r and 130?
26
Let o be 1197/36 - 1/4. Calculate the greatest common factor of 11 and o.
11
Let d(f) = f**2 + 10*f + 11. Let j be d(-8). Let a = -1 - j. Calculate the greatest common factor of 6 and a.
2
Let z = -1 - 2. Let i be (-8)/z - (-2)/(-3). Let u be (-1055)/(-25) - i/10. Calculate the greatest common factor of 28 and u.
14
Suppose 4*n = 3*n. Suppose n = 4*w - 0*w - 128. Let i(z) = z**3 + 8*z**2 - z + 2. Let s be i(-6). Calculate the highest common factor of w and s.
16
Let o be (63/(-12))/((-9)/36). Calculate the highest common factor of 7 and o.
7
Let g(y) = -y**3 + 5*y**2 - 2*y - 3. Let n be g(4). Suppose 0 = -6*u + 29 + 121. Calculate the highest common factor of u and n.
5
Let a(i) = i - 7. Let g be a(3). Let z be (-6*6)/(3/g). Calculate the greatest common divisor of z and 12.
12
Let s = -3 - -3. Suppose 0*o - o = s. Let r(d) = d**3 - d**2 + d + 14. Let q be r(o). What is the highest common divisor of q and 126?
14
Suppose 0 = -4*l + 3*c + 27, 2*c + 8 = -2. What is the highest common divisor of l and 15?
3
Suppose -5*n - 4 = -u, -6 = -5*n - 3*u + 6. Suppose n = -4*k + 4*s + 44, 3*k - 9 = 2*s - 7*s. What is the highest common factor of 64 and k?
8
Let s(p) = -p**3 + 2*p**2 + 5*p - 4. Let j be s(3). Suppose -j*d = -7 - 17. Let k = d + -6. What is the greatest common factor of k and 6?
6
Suppose -2*r + 5*c + 174 = 3*c, -336 = -4*r - 2*c. What is the highest common factor of 5 and r?
5
Let f(j) = -3*j - 28. Let d be f(-12). Calculate the greatest common factor of d and 56.
8
Suppose -2*a - 53 = -g, 0 = -4*g + 4*a - 2*a + 218. Suppose -r + 13 = 2. What is the highest common divisor of r and g?
11
Let c be 14/(-77) + 310/11. What is the greatest common factor of c and 7?
7
Let o be (-3)/(0 - (-3)/(-279)). Calculate the highest common factor of 31 and o.
31
Let b be (-935)/(-15) + (-4)/(-6). Let m = 12 + b. Let v be 29 + (-2)/(-1 - 1). What is the greatest common factor of m and v?
15
Let f = 2 - -7. Suppose w = 2*k - 5*k - 6, 2*w = -2*k - 4. Suppose -5*m + 3*i = -2*i - 225, m + 5*i - 45 = w. What is the greatest common divisor of f and m?
9
Let r be 0/(2 + 2) + 5. Suppose -213 + 38 = -r*u - 5*l, -29 = -u + l. Calculate the greatest common divisor of u and 80.
16
Suppose 2*x - 5*u = 18 + 12, x = -5*u. Let v be (x*-4)/(1/(-4)). Suppose 2*p - 47 = -15. What is the highest common divisor of v and p?
16
Suppose 4 = -0*g + g. Suppose 0 = -2*z - k + 44, -g*k + 6*k - 46 = -2*z. Calculate the highest common factor of z and 7.
7
Let b(z) be the first derivative of 6*z**3 + 3. Let s be b(-1). Suppose 3*t + s = 66. What 